{"id":7,"date":"2025-05-20T17:02:07","date_gmt":"2025-05-20T15:02:07","guid":{"rendered":"https:\/\/xn--terre-sculpte-terre-modele-mlcn.fr\/?page_id=7"},"modified":"2025-05-28T12:44:13","modified_gmt":"2025-05-28T10:44:13","slug":"7-2","status":"publish","type":"page","link":"https:\/\/xn--terre-sculpte-terre-modele-mlcn.fr\/","title":{"rendered":""},"content":{"rendered":"\n<div class=\"wp-block-group alignfull has-global-padding is-layout-constrained wp-block-group-is-layout-constrained\" style=\"margin-top:0;margin-bottom:0\">\n<div class=\"wp-block-columns alignfull is-layout-flex wp-container-core-columns-is-layout-9c22b1e3 wp-block-columns-is-layout-flex\">\n<div class=\"wp-block-column is-layout-flow wp-block-column-is-layout-flow\" style=\"flex-basis:55%\">\n<div style=\"aspect-ratio:1;min-height:unset;\" class=\"wp-block-cover is-light has-aspect-ratio\"><img loading=\"lazy\" decoding=\"async\" width=\"1024\" height=\"1024\" class=\"wp-block-cover__image-background wp-image-108 size-large\" alt=\"\" src=\"https:\/\/xn--terre-sculpte-terre-modele-mlcn.fr\/wp-content\/uploads\/2025\/05\/photoaccueil-1024x1024.jpg\" data-object-fit=\"cover\" srcset=\"https:\/\/xn--terre-sculpte-terre-modele-mlcn.fr\/wp-content\/uploads\/2025\/05\/photoaccueil-1024x1024.jpg 1024w, https:\/\/xn--terre-sculpte-terre-modele-mlcn.fr\/wp-content\/uploads\/2025\/05\/photoaccueil-300x300.jpg 300w, https:\/\/xn--terre-sculpte-terre-modele-mlcn.fr\/wp-content\/uploads\/2025\/05\/photoaccueil-150x150.jpg 150w, https:\/\/xn--terre-sculpte-terre-modele-mlcn.fr\/wp-content\/uploads\/2025\/05\/photoaccueil-768x768.jpg 768w, https:\/\/xn--terre-sculpte-terre-modele-mlcn.fr\/wp-content\/uploads\/2025\/05\/photoaccueil-1536x1536.jpg 1536w, https:\/\/xn--terre-sculpte-terre-modele-mlcn.fr\/wp-content\/uploads\/2025\/05\/photoaccueil-2048x2048.jpg 2048w\" sizes=\"auto, (max-width: 1024px) 100vw, 1024px\" \/><span aria-hidden=\"true\" class=\"wp-block-cover__background has-background-dim-0 has-background-dim\" style=\"background-color:#969493\"><\/span><div class=\"wp-block-cover__inner-container is-layout-flow wp-block-cover-is-layout-flow\">\n<div style=\"height:var(--wp--preset--spacing--20)\" aria-hidden=\"true\" class=\"wp-block-spacer\"><\/div>\n<\/div><\/div>\n<\/div>\n\n\n\n<div class=\"wp-block-column is-vertically-aligned-center is-layout-flow wp-block-column-is-layout-flow\" style=\"padding-top:var(--wp--preset--spacing--60);padding-right:var(--wp--preset--spacing--60);padding-bottom:var(--wp--preset--spacing--60);padding-left:var(--wp--preset--spacing--60)\">\n<p><\/p>\n\n\n\n<p class=\"has-large-font-size\" style=\"font-style:italic;font-weight:400\">\u00ab\u00a0Faisant confiance \u00e0 l&rsquo;intelligence de mes mains et laissant le rythme cr\u00e9ateur \u00e9voluer librement, je suis r\u00e9compens\u00e9 par l&rsquo;inconnu\u00a0\u00bb<\/p>\n\n\n\n<p class=\"has-large-font-size\" style=\"font-style:italic;font-weight:400\">Etienne HADJU, sculpteur<\/p>\n<\/div>\n<\/div>\n<\/div>\n\n\n\n<div class=\"wp-block-group alignfull has-global-padding is-layout-constrained wp-block-group-is-layout-constrained\" style=\"margin-top:0;margin-bottom:0;padding-top:var(--wp--preset--spacing--50);padding-bottom:var(--wp--preset--spacing--50)\">\n<div class=\"wp-block-columns alignwide is-layout-flex wp-container-core-columns-is-layout-fa584acd wp-block-columns-is-layout-flex\">\n<div class=\"wp-block-column is-vertically-aligned-center is-layout-flow wp-block-column-is-layout-flow\">\n<h2 class=\"wp-block-heading has-xx-large-font-size\">Atelier Terre Sculpt\u00e9e \u2013 Terre Model\u00e9e<\/h2>\n\n\n\n<p class=\"has-medium-font-size\" style=\"font-style:normal;font-weight:700\"><strong>Cours de modelage (sculpture de la terre)&nbsp; <\/strong><\/p>\n\n\n\n<p class=\"has-medium-font-size\">Passionn\u00e9e de sculpture et form\u00e9e par Monique SIDELSKY, sculptrice, j&rsquo;anime l&rsquo;atelier Terre sculpt\u00e9e &#8211; Terre model\u00e9e, espace de cr\u00e9ation et de partage d\u00e9di\u00e9 \u00e0 l&rsquo;art du modelage \u00e0 Corbeil-Essonnes.<\/p>\n\n\n\n<p class=\"has-medium-font-size\">Accessible \u00e0 un large public, enfants (\u00e0 partir de 7 ans) et adultes, d\u00e9butant(e)s ou confirm\u00e9(e)s, le modelage est une activit\u00e9 artistique enrichissante qui allie expression personnelle, concentration et plaisir de cr\u00e9er avec ses mains. L&rsquo;argile, mati\u00e8re souple et vivante, permet de d\u00e9velopper l&rsquo;imaginaire, la sensibilit\u00e9 tactile et l&rsquo;ouverture aux autres.<\/p>\n\n\n\n<p class=\"has-medium-font-size\">Le cours est pens\u00e9 pour respecter le rythme de chacun(e) dans un cadre bienveillant et structurant. L&rsquo;apprentissage porte sur les techniques du modelage, la connaissance du mat\u00e9riau et de ses contraintes (la loi du feu). Le cours du mercredi accueille aussi bien des enfants que des adultes.<\/p>\n\n\n\n<p class=\"has-medium-font-size\">L&rsquo;atelier propose des cours tout le long de l&rsquo;ann\u00e9e (de mi-septembre \u00e0 d\u00e9but juillet) ainsi que des stages au printemps et en \u00e9t\u00e9.<\/p>\n<\/div>\n\n\n\n<div class=\"wp-block-column is-vertically-aligned-center is-layout-flow wp-block-column-is-layout-flow\">\n<figure class=\"wp-block-image size-full\"><img loading=\"lazy\" decoding=\"async\" width=\"1726\" height=\"1726\" src=\"https:\/\/xn--terre-sculpte-terre-modele-mlcn.fr\/wp-content\/uploads\/2025\/05\/pA2-1.png\" alt=\"\" class=\"wp-image-126\" style=\"aspect-ratio:1;object-fit:cover\" srcset=\"https:\/\/xn--terre-sculpte-terre-modele-mlcn.fr\/wp-content\/uploads\/2025\/05\/pA2-1.png 1726w, https:\/\/xn--terre-sculpte-terre-modele-mlcn.fr\/wp-content\/uploads\/2025\/05\/pA2-1-300x300.png 300w, https:\/\/xn--terre-sculpte-terre-modele-mlcn.fr\/wp-content\/uploads\/2025\/05\/pA2-1-1024x1024.png 1024w, https:\/\/xn--terre-sculpte-terre-modele-mlcn.fr\/wp-content\/uploads\/2025\/05\/pA2-1-150x150.png 150w, https:\/\/xn--terre-sculpte-terre-modele-mlcn.fr\/wp-content\/uploads\/2025\/05\/pA2-1-768x768.png 768w, https:\/\/xn--terre-sculpte-terre-modele-mlcn.fr\/wp-content\/uploads\/2025\/05\/pA2-1-1536x1536.png 1536w\" sizes=\"auto, (max-width: 1726px) 100vw, 1726px\" \/><\/figure>\n<\/div>\n<\/div>\n<\/div>\n\n\n\n<div class=\"wp-block-group alignfull is-style-default has-global-padding is-layout-constrained wp-container-core-group-is-layout-0c9c989a wp-block-group-is-layout-constrained\" style=\"min-height:0vh;margin-top:0;margin-bottom:0;padding-top:var(--wp--preset--spacing--70);padding-right:var(--wp--preset--spacing--40);padding-bottom:var(--wp--preset--spacing--70);padding-left:var(--wp--preset--spacing--40)\">\n<div class=\"wp-block-group has-global-padding is-layout-constrained wp-container-core-group-is-layout-346627ba wp-block-group-is-layout-constrained\">\n<h2 class=\"wp-block-heading has-text-align-center is-style-text-display has-xx-large-font-size is-style-text-display--1\" style=\"margin-right:0;margin-left:0;padding-right:0;padding-left:0;font-style:normal;font-weight:700\">Portes ouvertes de l&rsquo;atelier<\/h2>\n\n\n\n<p class=\"has-text-align-center\">Samedi 28 juin 2025 <\/p>\n\n\n\n<p class=\"has-text-align-center\">Samedi 7 et dimanche 8 septembre 2025 <\/p>\n\n\n\n<div class=\"wp-block-buttons is-content-justification-center is-layout-flex wp-container-core-buttons-is-layout-a89b3969 wp-block-buttons-is-layout-flex\">\n<div class=\"wp-block-button\"><a class=\"wp-block-button__link wp-element-button\" href=\"https:\/\/xn--terre-sculpte-terre-modele-mlcn.fr\/?page_id=70\">En savoir plus<\/a><\/div>\n<\/div>\n<\/div>\n<\/div>\n\n\n\n<div class=\"wp-block-group alignfull is-style-section-1 has-global-padding is-content-justification-center is-layout-constrained wp-block-group-is-layout-constrained is-style-section-1--2\" style=\"margin-top:0;margin-bottom:0;padding-top:var(--wp--preset--spacing--50);padding-bottom:var(--wp--preset--spacing--50)\">\n<div class=\"wp-block-columns alignwide is-layout-flex wp-container-core-columns-is-layout-47c06fe3 wp-block-columns-is-layout-flex\">\n<div class=\"wp-block-column is-vertically-aligned-top is-layout-flow wp-block-column-is-layout-flow\">\n<div class=\"wp-block-group is-vertical is-content-justification-stretch is-layout-flex wp-container-core-group-is-layout-4781e296 wp-block-group-is-layout-flex\" style=\"min-height:100%\">\n<p class=\"has-x-large-font-size\" style=\"font-style:normal;font-weight:600\">Atelier Terre Sculpt\u00e9e Terre Model\u00e9e<\/p>\n\n\n\n<p class=\"is-style-text-display has-x-large-font-size is-style-text-display--3\" style=\"font-style:normal;font-weight:600\">17 Bis, Impasse du Parc<br>91100 Corbeil-Essonnes<\/p>\n\n\n\n<p class=\"has-large-font-size\">Tel: 06.03.71.50.29<\/p>\n\n\n\n<p class=\"has-small-font-size\" style=\"text-transform:uppercase\"><a href=\"https:\/\/www.google.com\/maps\/place\/17+Bis+Imp.+du+Parc,+91100+Corbeil-Essonnes,+France\/@48.6037645,2.4690081,17z\/data=!3m1!4b1!4m6!3m5!1s0x47e5e72f0a99695b:0x54257cdc95802dea!8m2!3d48.603761!4d2.471583!16s%2Fg%2F11txj0bwwl?entry=ttu&amp;g_ep=EgoyMDI1MDUxNS4wIKXMDSoASAFQAw%3D%3D\" data-type=\"link\" data-id=\"https:\/\/www.google.com\/maps\/place\/17+Bis+Imp.+du+Parc,+91100+Corbeil-Essonnes,+France\/@48.6037645,2.4690081,17z\/data=!3m1!4b1!4m6!3m5!1s0x47e5e72f0a99695b:0x54257cdc95802dea!8m2!3d48.603761!4d2.471583!16s%2Fg%2F11txj0bwwl?entry=ttu&amp;g_ep=EgoyMDI1MDUxNS4wIKXMDSoASAFQAw%3D%3D\">Obtenir l\u2019itin\u00e9raire<\/a><\/p>\n<\/div>\n<\/div>\n\n\n\n<div class=\"wp-block-column is-vertically-aligned-top is-layout-flow wp-block-column-is-layout-flow\"><div class='wpgmza_map_wrapper'><div id=\"wpgmza_map_block_1\" class=\"wpgmza_map wpgmza_standalone_map_block wpgmza-auto-center\" style=\"display:block;width:100%;height:400px;overflow:hidden;position:relative;\" data-maps-engine=\"open-layers\" data-build-engine=\"standalone-block\" data-icon=\"https:\/\/xn--terre-sculpte-terre-modele-mlcn.fr\/wp-content\/plugins\/wp-go-maps-block\/images\/icon.png\" data-lat=\"48.6038781\" data-lng=\"2.4716163\" data-zoom=\"11\" data-address=\"17 bis, Impasse du Parc, Corbeil-Essonnes, \u00c9vry, Essonne, France m\u00e9tropolitaine, 91100, France\" data-infowindow-mode=\"click\" ><\/div><\/div><\/div>\n<\/div>\n<\/div>\n\n\n\n<div class=\"wp-block-group alignfull has-text-color has-background is-layout-flow wp-block-group-is-layout-flow\" style=\"color:#000000;background-color:#ffffff\">\n<div style=\"height:64px\" aria-hidden=\"true\" class=\"wp-block-spacer\"><\/div>\n\n\n\n<p class=\"has-text-align-center has-small-font-size\" style=\"line-height:.9\"><\/p>\n\n\n\n<div class=\"wp-block-buttons is-horizontal is-content-justification-center is-layout-flex wp-container-core-buttons-is-layout-03627597 wp-block-buttons-is-layout-flex\">\n<div class=\"wp-block-button has-custom-width wp-block-button__width-50\" id=\"contact\"><a class=\"wp-block-button__link has-text-color has-background wp-element-button\" href=\"https:\/\/xn--terre-sculpte-terre-modele-mlcn.fr\/?page_id=70\" style=\"border-radius:50px;color:#ffffff;background-color:#000000\">Contactez-moi<\/a><\/div>\n<\/div>\n<\/div>\n\n\n\n<p><\/p>\n","protected":false},"excerpt":{"rendered":"<p>\u00ab\u00a0Faisant confiance \u00e0 l&rsquo;intelligence de mes mains et laissant le rythme cr\u00e9ateur \u00e9voluer librement, je suis r\u00e9compens\u00e9 par l&rsquo;inconnu\u00a0\u00bb Etienne HADJU, sculpteur Atelier Terre Sculpt\u00e9e \u2013 Terre Model\u00e9e Cours de modelage (sculpture de la terre)&nbsp; Passionn\u00e9e de sculpture et form\u00e9e par Monique SIDELSKY, sculptrice, j&rsquo;anime l&rsquo;atelier Terre sculpt\u00e9e &#8211; Terre model\u00e9e, espace de cr\u00e9ation et [&hellip;]<\/p>\n","protected":false},"author":1,"featured_media":0,"parent":0,"menu_order":0,"comment_status":"closed","ping_status":"closed","template":"page-no-title","meta":{"footnotes":""},"class_list":["post-7","page","type-page","status-publish","hentry"],"_links":{"self":[{"href":"https:\/\/xn--terre-sculpte-terre-modele-mlcn.fr\/index.php?rest_route=\/wp\/v2\/pages\/7","targetHints":{"allow":["GET"]}}],"collection":[{"href":"https:\/\/xn--terre-sculpte-terre-modele-mlcn.fr\/index.php?rest_route=\/wp\/v2\/pages"}],"about":[{"href":"https:\/\/xn--terre-sculpte-terre-modele-mlcn.fr\/index.php?rest_route=\/wp\/v2\/types\/page"}],"author":[{"embeddable":true,"href":"https:\/\/xn--terre-sculpte-terre-modele-mlcn.fr\/index.php?rest_route=\/wp\/v2\/users\/1"}],"replies":[{"embeddable":true,"href":"https:\/\/xn--terre-sculpte-terre-modele-mlcn.fr\/index.php?rest_route=%2Fwp%2Fv2%2Fcomments&post=7"}],"version-history":[{"count":45,"href":"https:\/\/xn--terre-sculpte-terre-modele-mlcn.fr\/index.php?rest_route=\/wp\/v2\/pages\/7\/revisions"}],"predecessor-version":[{"id":255,"href":"https:\/\/xn--terre-sculpte-terre-modele-mlcn.fr\/index.php?rest_route=\/wp\/v2\/pages\/7\/revisions\/255"}],"wp:attachment":[{"href":"https:\/\/xn--terre-sculpte-terre-modele-mlcn.fr\/index.php?rest_route=%2Fwp%2Fv2%2Fmedia&parent=7"}],"curies":[{"name":"wp","href":"https:\/\/api.w.org\/{rel}","templated":true}]}}