{"id":269,"date":"2025-05-28T15:25:18","date_gmt":"2025-05-28T13:25:18","guid":{"rendered":"https:\/\/xn--terre-sculpte-terre-modele-mlcn.fr\/?page_id=269"},"modified":"2025-05-29T11:14:27","modified_gmt":"2025-05-29T09:14:27","slug":"evenement-2","status":"publish","type":"page","link":"https:\/\/xn--terre-sculpte-terre-modele-mlcn.fr\/?page_id=269","title":{"rendered":"Evenement"},"content":{"rendered":"\n<div class=\"wp-block-cover alignfull has-custom-content-position is-position-top-left\" style=\"margin-top:0;padding-top:5vw;padding-right:5vw;padding-bottom:5vw;padding-left:5vw;min-height:50vh;aspect-ratio:unset;\"><img loading=\"lazy\" decoding=\"async\" width=\"1024\" height=\"768\" class=\"wp-block-cover__image-background wp-image-195 size-full\" alt=\"\" src=\"https:\/\/xn--terre-sculpte-terre-modele-mlcn.fr\/wp-content\/uploads\/2025\/05\/photostageenfant.png\" style=\"object-position:65% 36%\" data-object-fit=\"cover\" data-object-position=\"65% 36%\" srcset=\"https:\/\/xn--terre-sculpte-terre-modele-mlcn.fr\/wp-content\/uploads\/2025\/05\/photostageenfant.png 1024w, https:\/\/xn--terre-sculpte-terre-modele-mlcn.fr\/wp-content\/uploads\/2025\/05\/photostageenfant-300x225.png 300w, https:\/\/xn--terre-sculpte-terre-modele-mlcn.fr\/wp-content\/uploads\/2025\/05\/photostageenfant-768x576.png 768w\" sizes=\"auto, (max-width: 1024px) 100vw, 1024px\" \/><span aria-hidden=\"true\" class=\"wp-block-cover__background has-background-dim-0 has-background-dim\" style=\"background-color:#141414\"><\/span><div class=\"wp-block-cover__inner-container is-layout-flow wp-block-cover-is-layout-flow\">\n<div class=\"wp-block-group wp-container-content-9cfa9a5a is-vertical is-nowrap is-layout-flex wp-container-core-group-is-layout-2890af74 wp-block-group-is-layout-flex\">\n<p><\/p>\n<\/div>\n<\/div><\/div>\n\n\n\n<div class=\"wp-block-group alignfull has-global-padding is-layout-constrained wp-block-group-is-layout-constrained\" style=\"margin-top:0;margin-bottom:0;padding-top:var(--wp--preset--spacing--50);padding-bottom:var(--wp--preset--spacing--50)\">\n<div class=\"wp-block-group alignwide is-layout-flow wp-block-group-is-layout-flow\">\n<h2 class=\"wp-block-heading\">\u00c9v\u00e8nements \u00e0 venir<\/h2>\n\n\n\n<p class=\"has-medium-font-size\">Voici quelques-uns des \u00e9v\u00e8nements \u00e0 venir<\/p>\n\n\n\n<div class=\"wp-block-group is-layout-flow wp-container-core-group-is-layout-beeb4092 wp-block-group-is-layout-flow\" style=\"margin-top:var(--wp--preset--spacing--70)\">\n<div class=\"wp-block-group is-content-justification-space-between is-layout-flex wp-container-core-group-is-layout-d241c71d wp-block-group-is-layout-flex\" style=\"padding-top:var(--wp--preset--spacing--40);padding-bottom:var(--wp--preset--spacing--40)\">\n<div class=\"wp-block-group has-global-padding is-layout-constrained wp-block-group-is-layout-constrained\">\n<h3 class=\"wp-block-heading\">Rendez-vous au jardin<\/h3>\n\n\n\n<p>jardin de pierres, Corbeille-Essonnes<\/p>\n<\/div>\n\n\n\n<div class=\"wp-block-group is-content-justification-space-between is-layout-flex wp-container-core-group-is-layout-08d6cc0e wp-block-group-is-layout-flex\">\n<p style=\"text-transform:uppercase\">6,7,8 juin 2025 <\/p>\n\n\n\n<div class=\"wp-block-buttons is-layout-flex wp-block-buttons-is-layout-flex\">\n<div class=\"wp-block-button\"><a class=\"wp-block-button__link has-small-font-size has-custom-font-size wp-element-button\">plus d&rsquo;informations<\/a><\/div>\n<\/div>\n<\/div>\n<\/div>\n\n\n\n<div class=\"wp-block-group is-content-justification-space-between is-layout-flex wp-container-core-group-is-layout-d241c71d wp-block-group-is-layout-flex\" style=\"border-top-color:var(--wp--preset--color--accent-6);border-top-width:1px;padding-top:var(--wp--preset--spacing--40);padding-bottom:var(--wp--preset--spacing--40)\">\n<div class=\"wp-block-group has-global-padding is-layout-constrained wp-block-group-is-layout-constrained\">\n<h3 class=\"wp-block-heading\"><br>Journ\u00e9e porte ouverte de l&rsquo;atelier<\/h3>\n\n\n\n<p>Corbeilles-Essonnes<\/p>\n<\/div>\n\n\n\n<div class=\"wp-block-group is-content-justification-space-between is-layout-flex wp-container-core-group-is-layout-08d6cc0e wp-block-group-is-layout-flex\">\n<p style=\"text-transform:uppercase\">28 juin &#8211; 7 et 8 septembre 2025<\/p>\n\n\n\n<div class=\"wp-block-buttons is-layout-flex wp-block-buttons-is-layout-flex\">\n<div class=\"wp-block-button\"><a class=\"wp-block-button__link has-small-font-size has-custom-font-size wp-element-button\">plus d&rsquo;informations<\/a><\/div>\n<\/div>\n<\/div>\n<\/div>\n\n\n\n<div class=\"wp-block-group is-content-justification-space-between is-layout-flex wp-container-core-group-is-layout-d241c71d wp-block-group-is-layout-flex\" style=\"border-top-color:var(--wp--preset--color--accent-6);border-top-width:1px;padding-top:var(--wp--preset--spacing--40);padding-bottom:var(--wp--preset--spacing--40)\">\n<div class=\"wp-block-group has-global-padding is-layout-constrained wp-block-group-is-layout-constrained\">\n<h3 class=\"wp-block-heading\"><br>Stage d&rsquo;\u00e9t\u00e9 de modelage\t\t\t\t\t<\/h3>\n\n\n\n<p>Corbeilles-Essonnes<\/p>\n<\/div>\n\n\n\n<div class=\"wp-block-group is-content-justification-space-between is-layout-flex wp-container-core-group-is-layout-08d6cc0e wp-block-group-is-layout-flex\">\n<p style=\"text-transform:uppercase\">juillet 2025 <\/p>\n\n\n\n<div class=\"wp-block-buttons is-layout-flex wp-block-buttons-is-layout-flex\">\n<div class=\"wp-block-button\"><a class=\"wp-block-button__link has-small-font-size has-custom-font-size wp-element-button\">plus d&rsquo;informations<\/a><\/div>\n<\/div>\n<\/div>\n<\/div>\n<\/div>\n<\/div>\n<\/div>\n\n\n\n<p><\/p>\n","protected":false},"excerpt":{"rendered":"<p>\u00c9v\u00e8nements \u00e0 venir Voici quelques-uns des \u00e9v\u00e8nements \u00e0 venir Rendez-vous au jardin jardin de pierres, Corbeille-Essonnes 6,7,8 juin 2025 Journ\u00e9e porte ouverte de l&rsquo;atelier Corbeilles-Essonnes 28 juin &#8211; 7 et 8 septembre 2025 Stage d&rsquo;\u00e9t\u00e9 de modelage Corbeilles-Essonnes juillet 2025<\/p>\n","protected":false},"author":1,"featured_media":0,"parent":0,"menu_order":0,"comment_status":"closed","ping_status":"closed","template":"page-no-title","meta":{"footnotes":""},"class_list":["post-269","page","type-page","status-publish","hentry"],"_links":{"self":[{"href":"https:\/\/xn--terre-sculpte-terre-modele-mlcn.fr\/index.php?rest_route=\/wp\/v2\/pages\/269","targetHints":{"allow":["GET"]}}],"collection":[{"href":"https:\/\/xn--terre-sculpte-terre-modele-mlcn.fr\/index.php?rest_route=\/wp\/v2\/pages"}],"about":[{"href":"https:\/\/xn--terre-sculpte-terre-modele-mlcn.fr\/index.php?rest_route=\/wp\/v2\/types\/page"}],"author":[{"embeddable":true,"href":"https:\/\/xn--terre-sculpte-terre-modele-mlcn.fr\/index.php?rest_route=\/wp\/v2\/users\/1"}],"replies":[{"embeddable":true,"href":"https:\/\/xn--terre-sculpte-terre-modele-mlcn.fr\/index.php?rest_route=%2Fwp%2Fv2%2Fcomments&post=269"}],"version-history":[{"count":8,"href":"https:\/\/xn--terre-sculpte-terre-modele-mlcn.fr\/index.php?rest_route=\/wp\/v2\/pages\/269\/revisions"}],"predecessor-version":[{"id":314,"href":"https:\/\/xn--terre-sculpte-terre-modele-mlcn.fr\/index.php?rest_route=\/wp\/v2\/pages\/269\/revisions\/314"}],"wp:attachment":[{"href":"https:\/\/xn--terre-sculpte-terre-modele-mlcn.fr\/index.php?rest_route=%2Fwp%2Fv2%2Fmedia&parent=269"}],"curies":[{"name":"wp","href":"https:\/\/api.w.org\/{rel}","templated":true}]}}